at is the remainder when c is divided by n(4)?
3
Let y(j) = 3*j**2 - 9*j + 2. What is the remainder when y(5) is divided by 12?
8
Let g(k) = -k**3 + 7*k**2 + k + 7. Let s be (-12)/(-5) - (-2)/(-5). Suppose -5*t + 2*t + 23 = 4*u, -s*u = -4. Calculate the remainder when g(7) is divided by t.
4
Suppose s - 9 - 2 = 0. Let o(x) = 2*x**2 + x - 2. What is the remainder when o(-5) is divided by (3 + -1)/(2/s)?
10
Suppose -4*x + 36 = -0*x. What is the remainder when 35 is divided by x?
8
Let r(x) = x**2 + 2*x - 2. Let l be r(-3). Let n = l + 1. Suppose -14*z = -15*z + 1. Calculate the remainder when n is divided by z.
0
Let c be 37 + 2/2*-1. Suppose g = -g + c. Calculate the remainder when g is divided by 10.
8
Let c = -20 - -34. Let q = c - 2. What is the remainder when ((-25)/(-4))/(-5)*-28 is divided by q?
11
Let o = -1 + 3. Let y = o + 3. Suppose -11 = -y*v + 34. Calculate the remainder when 25 is divided by v.
7
Let g(r) = 7*r - 8. What is the remainder when g(7) is divided by 14?
13
Suppose 4*d = 2*a - 47 + 157, 0 = 2*d - 4*a - 70. Calculate the remainder when d is divided by 9.
7
What is the remainder when 23 is divided by (-2)/10 + 82/10 + -4?
3
Suppose -2*t = 2*t - 56. Calculate the remainder when t + (-3 - -2 - -1) is divided by 5.
4
Let m(h) = -h**3 + 7*h**2 - 5*h. Let t be m(6). Suppose 36 = 3*d + 3*u, -t*d = -d - 3*u - 100. Calculate the remainder when 31 is divided by d.
14
Let s(m) = m**2 + 9*m + 2. Let t be s(-9). Suppose -t*d - 3*d + 200 = 0. Let u = d - 0. Calculate the remainder when u is divided by 14.
12
Let c = -29 + 79. What is the remainder when c is divided by 17?
16
Suppose -2*w - 409 = -5*u + w, -2*w = -3*u + 245. Suppose 5*m + 23 - u = 0. Calculate the remainder when (-200)/12*m/(-5) is divided by 21.
19
Let g = -97 - -58. What is the remainder when -2 - (3 - 3) - g is divided by 10?
7
Let k = 7 + 31. Let m be (-6)/(-4)*8/6. Suppose h - 32 = -j - 11, -78 = -4*h + m*j. Calculate the remainder when k is divided by h.
18
Let r = 285 + -142. Calculate the remainder when r is divided by 36.
35
Let o(w) = -w**3 + 10*w**2 + w + 3. What is the remainder when 23 is divided by o(10)?
10
Suppose -5*d + 25 + 40 = 4*n, 0 = 4*d - 4. Suppose 0 = -3*b + 5*v + 164, b + 4*v + 0*v - 49 = 0. Let s = 80 - b. What is the remainder when s is divided by n?
12
Suppose -3*x + 29 = -4. Suppose 0 = 4*s - 36 + 8. What is the remainder when x is divided by s?
4
Let r(m) = -m**3 - 3*m**2 - 2*m + 2. Calculate the remainder when 27 is divided by r(-3).
3
Let k = 45 - -154. Calculate the remainder when k is divided by 40.
39
Suppose -4*i + 14*i - 270 = 0. What is the remainder when 79 is divided by i?
25
Suppose r - 4 = 3*x, 5*x - 12 = 5*r - 32. Suppose -5*v - 2*c + 169 = x, -3*c = -2*c - 2. Calculate the remainder when 4 is divided by 93/v + 2/11.
1
Suppose 0 = -v - 4 + 21. Let q = 1 + 14. Let g = -9 + q. What is the remainder when v is divided by g?
5
What is the remainder when 2*-178*1/(-4) is divided by 23?
20
Let a = 85 - -57. What is the remainder when a is divided by 36?
34
Let d = 8 + 2. Calculate the remainder when d is divided by 0 + 5 + 2/3*-3.
1
Suppose -2*z - 3*u + 216 = 0, -u + 195 + 371 = 5*z. Calculate the remainder when z is divided by 23.
22
Let c = -3 + 6. Let n = c + -1. Calculate the remainder when 6/2 + 3 + -1 is divided by n.
1
What is the remainder when (-2424)/(-21) - (-6)/(-14) is divided by 29?
28
Let c = 41 - 36. Suppose -2 + 29 = 3*b. Calculate the remainder when b is divided by c.
4
Let z(v) = 2*v + 22. Suppose -2*x = x - 12. Suppose d - 2*u + u = 7, 3*u = x*d - 23. What is the remainder when z(-10) is divided by d?
0
Let j = 21 + -31. Let l = 26 + j. Suppose k = 1, -2*y + 6*y = 2*k + 34. Calculate the remainder when l is divided by y.
7
What is the remainder when 53 is divided by -2*2*(4 + (-31)/4)?
8
Suppose -3*g + 5*y = -95, 2*g - 7*g + 190 = -2*y. What is the remainder when g is divided by 14?
12
Let u(d) = 15*d**2 + d. Let i(q) = -2*q**3 - q**2 + q + 1. Let a be i(-1). Calculate the remainder when u(a) is divided by 5.
1
Let o = 23 + 23. Let p be (-1*(2 - 70))/2. Let y = -22 + p. Calculate the remainder when o is divided by y.
10
Let f(u) = u**3 + u + 10. Calculate the remainder when f(0) is divided by 6.
4
Let a(z) = 5*z. Let n = 2 - 0. Let b(s) = s**2 - 10*s + 4. What is the remainder when a(n) is divided by b(10)?
2
Suppose 3*i + 17 = 2*p - 3*p, 5*i = -2*p - 31. What is the remainder when 248/6 + p/(-12) is divided by 9?
6
What is the remainder when (-2 - -117) + 1 + -1 is divided by 29?
28
Suppose 8*q = 5*q + 33. Let j(p) be the third derivative of p**5/60 + p**4/24 - p**3/3 - p**2. What is the remainder when q is divided by j(2)?
3
Let w(x) = x**3 + 3*x**2 - 6*x - 2. Let s be w(-4). Let j(u) = -u**3 + 6*u**2 + 7*u + 1. What is the remainder when j(s) is divided by 2/(-3) + 188/12?
13
Let l(t) = -t**2 + 8*t + 15. Let j(i) = 2*i - 3*i + 43 + 2*i. Calculate the remainder when j(0) is divided by l(8).
13
Let b = 5 + 44. What is the remainder when b is divided by 13?
10
Let m = -115 + 121. Calculate the remainder when 7 is divided by m.
1
Suppose 5*m - 9 - 6 = 0, 0 = 3*y + 5*m + 33. What is the remainder when 8/y - 118/(-4) is divided by 16?
13
Let g = -46 - -129. What is the remainder when g is divided by (-4)/((-2)/(-1)) - -23?
20
Let a be 20/((-3)/((-6)/4)). What is the remainder when 23 is divided by ((-4)/a)/(3/(-90))?
11
Suppose 4*a - 6 = 6. Suppose -3*d = -14 - 1. What is the remainder when d is divided by a?
2
Let s be (4/(-10))/(2/30). Let d = -3 - s. Calculate the remainder when 5 is divided by d.
2
Suppose -3*i + 488 = -i. Suppose b = -3*v + 183, 4*v = -4*b + 2*b + i. What is the remainder when v is divided by 21?
19
Suppose 70 = 3*y - j, 0 = y + j - 51 + 21. Calculate the remainder when y is divided by 13.
12
Suppose 35 = 7*q - 2*q - 4*f, -5*q + 3*f = -35. Calculate the remainder when 27 is divided by q.
6
Suppose 4*g - 5*z - 30 = -5, 3*g - 5*z = 25. Let s(o) = o**2 + o + 30. What is the remainder when s(g) is divided by 16?
14
Let c = -6 + 37. Suppose -23 = -5*d + 2*p, -3*d - 2*p = 2 - 3. Suppose -d*w + 0*w + 33 = 0. What is the remainder when c is divided by w?
9
Suppose 0 = b + 3*s - 6, -4*b + 5*s = -5*b + 2. What is the remainder when b is divided by 10?
2
Suppose -2*m - 3*y + 19 = 0, -4*m + 0*y + 47 = -3*y. What is the remainder when 42 is divided by m?
9
Calculate the remainder when 64 is divided by (1 - 0)*(-7)/((-35)/55).
9
Let f = -8 + 8. Suppose u - 2*u + 10 = f. Calculate the remainder when 18 is divided by u.
8
Suppose -m + i = -6 - 21, -5*m - i = -153. Let t(l) = -15*l - 3. What is the remainder when t(-4) is divided by m?
27
Let k(r) = r**2 - 1. Let f(q) = -q**3 - 13*q**2 - 2*q + 12. Let j(d) = -f(d) - 6*k(d). Suppose -9 - 3 = -x. What is the remainder when j(-5) is divided by x?
10
Suppose 69 = 3*o - 42. What is the remainder when o is divided by ((-18)/27)/(4/(-78))?
11
Let u = -7 - -5. Suppose w - 6*w - 101 = -4*i, 0 = 5*w + 25. What is the remainder when i is divided by (7/(-4))/(u/8)?
5
Suppose 0*b + 32 = b + 4*u, -5*b - 2*u = -70. Let s(a) = -a + 46. What is the remainder when s(0) is divided by b?
10
Suppose -64 = -2*o - 2*o. Suppose -16*i + 17*i = 6. Calculate the remainder when o is divided by i.
4
Let m = -9 + 15. Suppose 0 = 4*g + w - 3 - 3, -3*w + m = 0. Calculate the remainder when 2 is divided by g.
0
Let w(p) = p + 5. Let t(x) = -x**2 + 2*x + 2. Let o be t(-2). Let r be w(o). Let a = r + 4. Calculate the remainder when 7 is divided by a.
1
Let y(d) = 2*d**2 + 9*d - 7. What is the remainder when y(-7) is divided by 11?
6
Suppose 2*r = -5*h + 30, r - 5*r = 3*h - 32. Let y = 9 + -4. Suppose -y*c - 3 = -13. What is the remainder when r is divided by c?
1
Let a(v) = v**3 - 4*v**2 + 2*v + 3. Let y be a(3). Let b = 1 - -3. Suppose -b*w + y*w = -2*p + 4, p + w = 11. Calculate the remainder when p is divided by 3.
2
Suppose -5*a = -5*j + 120, 47 = 4*j - a - 37. What is the remainder when 58 is divided by j?
18
Suppose 2*k - 36 - 11 = -n, 0 = 5*n - 5*k - 175. Calculate the remainder when n is divided by 0 + (-1 - -2) - -13.
11
Let m(r) = 3*r + 4. Let s = 51 + -115. Calculate the remainder when 6*(s/(-6))/1 is divided by m(6).
20
Let y(p) = 6*p**2 - 3*p - 2. Let g be y(-6). Suppose 0 = 2*t